 digit of 1512?
1
What is the hundreds digit of 29638?
6
What is the hundreds digit of 14249?
2
What is the units digit of 3528?
8
What is the thousands digit of 13656?
3
What is the tens digit of 2630?
3
What is the ten thousands digit of 11401?
1
What is the units digit of 7044?
4
What is the tens digit of 369?
6
What is the units digit of 633?
3
What is the tens digit of 1046?
4
What is the thousands digit of 129923?
9
What is the ten thousands digit of 26392?
2
What is the ten thousands digit of 35266?
3
What is the tens digit of 51?
5
What is the tens digit of 27976?
7
What is the hundreds digit of 930?
9
What is the hundreds digit of 5877?
8
What is the tens digit of 47845?
4
What is the units digit of 769?
9
What is the hundreds digit of 267?
2
What is the hundreds digit of 124?
1
What is the hundreds digit of 319?
3
What is the units digit of 2234?
4
What is the thousands digit of 4496?
4
What is the tens digit of 47692?
9
What is the tens digit of 756?
5
What is the ten thousands digit of 54001?
5
What is the units digit of 2470?
0
What is the thousands digit of 1616?
1
What is the tens digit of 2338?
3
What is the thousands digit of 46584?
6
What is the units digit of 636?
6
What is the thousands digit of 2042?
2
What is the tens digit of 1789?
8
What is the tens digit of 3146?
4
What is the units digit of 5048?
8
What is the thousands digit of 58456?
8
What is the tens digit of 5734?
3
What is the hundreds digit of 1458?
4
What is the hundreds digit of 4949?
9
What is the thousands digit of 6681?
6
What is the tens digit of 2454?
5
What is the hundreds digit of 839?
8
What is the units digit of 54496?
6
What is the units digit of 424?
4
What is the hundreds digit of 58041?
0
What is the hundred thousands digit of 146030?
1
What is the thousands digit of 12600?
2
What is the units digit of 1114?
4
What is the units digit of 2605?
5
What is the thousands digit of 77976?
7
What is the thousands digit of 1924?
1
What is the thousands digit of 51866?
1
What is the units digit of 113?
3
What is the hundreds digit of 35549?
5
What is the units digit of 816?
6
What is the tens digit of 34002?
0
What is the tens digit of 284?
8
What is the thousands digit of 1637?
1
What is the ten thousands digit of 25101?
2
What is the hundreds digit of 8270?
2
What is the hundreds digit of 1549?
5
What is the thousands digit of 147296?
7
What is the ten thousands digit of 36985?
3
What is the hundreds digit of 67759?
7
What is the units digit of 686?
6
What is the tens digit of 462?
6
What is the units digit of 177?
7
What is the hundreds digit of 934?
9
What is the tens digit of 1511?
1
What is the units digit of 91116?
6
What is the hundreds digit of 2264?
2
What is the tens digit of 39502?
0
What is the tens digit of 39496?
9
What is the units digit of 503?
3
What is the tens digit of 900?
0
What is the units digit of 6076?
6
What is the hundreds digit of 925?
9
What is the units digit of 3379?
9
What is the units digit of 184?
4
What is the hundreds digit of 3892?
8
What is the thousands digit of 1353?
1
What is the tens digit of 431?
3
What is the hundreds digit of 5077?
0
What is the thousands digit of 27965?
7
What is the units digit of 1373?
3
What is the tens digit of 1691?
9
What is the hundreds digit of 836?
8
What is the tens digit of 2252?
5
What is the units digit of 3523?
3
What is the units digit of 4609?
9
What is the units digit of 6332?
2
What is the tens digit of 53967?
6
What is the hundreds digit of 3231?
2
What is the tens digit of 5321?
2
What is the hundreds digit of 10306?
3
What is the thousands digit of 1041?
1
What is the units digit of 4272?
2
What is the tens digit of 3422?
2
What is the thousands digit of 13584?
3
What is the tens digit of 11583?
8
What is the hundreds digit of 37177?
1
What is the thousands digit of 90916?
0
What is the units digit of 7152?
2
What is the tens digit of 92?
9
What is the hundreds digit of 1212?
2
What is the units digit of 2997?
7
What is the thousands digit of 1108?
1
What is the tens digit of 142?
4
What is the units digit of 1113?
3
What is the units digit of 12054?
4
What is the hundreds digit of 1962?
9
What is the ten thousands digit of 24944?
2
What is the hundreds digit of 635?
6
What is the tens digit of 51044?
4
What is the tens digit of 1387?
8
What is the units digit of 5956?
6
What is the units digit of 2801?
1
What is the hundreds digit of 20291?
2
What is the thousands digit of 10394?
0
What is the tens digit of 496?
9
What is the tens digit of 1805?
0
What is the tens digit of 120061?
6
What is the hundreds digit of 1968?
9
What is the hundreds digit of 4293?
2
What is the tens digit of 308?
0
What is the ten thousands digit of 89795?
8
What is the units digit of 842?
2
What is the hundreds digit of 10886?
8
What is the hundreds digit of 287?
2
What is the thousands digit of 88126?
8
What is the tens digit of 26241?
4
What is the units digit of 7821?
1
What is the tens digit of 936?
3
What is the tens digit of 3435?
3
What is the ten thousands digit of 19194?
1
What is the units digit of 1174?
4
What is the thousands digit of 5028?
5
What is the units digit of 3161?
1
What is the tens digit of 242?
4
What is the ten thousands digit of 31342?
3
What is the units digit of 701?
1
What is the tens digit of 2786?
8
What is the thousands digit of 58546?
8
What is the hundreds digit of 341?
3
What is the hundreds digit of 19277?
2
What is the units digit of 91078?
8
What is the ten thousands digit of 10502?
1
What is the tens digit of 484?
8
What is the tens digit of 5034?
3
What is the hundreds digit of 737?
7
What is the tens digit of 21551?
5
What is the hundreds digit of 6552?
5
What is the hundreds digit of 12223?
2
What is the units digit of 2381?
1
What is the thousands digit of 31904?
1
What is the ten thousands digit of 16116?
1
What is the hundreds digit of 2672?
6
What is the thousands digit of 2534?
2
What is the hundreds digit of 968?
9
What is the hundreds digit of 2526?
5
What is the hundreds digit of 514?
5
What is the hundreds digit of 931?
9
What is the tens digit of 12714?
1
What is the hundreds digit of 1035?
0
What is the hundreds digit of 1903?
9
What is the tens digit of 1123?
2
What is the thousands digit of 11173?
1
What is the hundreds digit of 3317?
3
What is the hundreds digit of 491?
4
What is the tens digit of 6534?
3
What is the hundreds digit of 17131?
1
What is the tens digit of 1988?
8
What is the hundreds digit of 34339?
3
What is the tens digit of 82348?
4
What is the hundreds digit of 947?
9
What is the thousands digit of 4108?
4
What is the tens digit of 11616?
1
What is the units digit of 14086?
6
What is the tens digit of 15258?
5
What is the hundreds digit of 20102?
1
What is the thousands digit of 15908?
5
What is the tens digit of 1868?
6
What is the tens digit of 1251?
5
What is the hundreds digit of 29644?
6
What is the units digit of 6357?
7
What is the thousands digit of 49493?
9
What is the thousands digit of 8433?
8
What is the thousands digit of 131745?
1
What is the thousands digit of 2178?
2
What is the units digit of 76931?
1
What is the hundreds digit of 8394?
3
What is the units digit of 27619?
9
What is the hundreds digit of 11529?
5
What is the hundreds digit of 933?
9
What is the tens digit of 1044?
4
What is the tens digit of 1015?
1
What is the units digit of 1546?
6
What is the units digit of 21?
1
What is the hundreds digit of 1043?
0
What is the hundreds digit of 23151?
1
What is the hundreds digit of 1682?
6
What is the hundreds digit of 8535?
5
What is the hundreds digit of 38467?
4
What is the units digit of 2158?
8
What is the thousands digit of 9987?
9
What is the tens digit of 5699?
9
What is the hundreds digit of 7203?
2
What is the hundreds digit of 5410?
4
What is the hundreds digit of 1051?
0
What is the thousands digit of 4088?
4
What is the thousands digit of 2231?
2
What is the thousands digit of 45390?
5
What is the units digit of 5449?
9
What is the ten thousands digit of 38986?
3
What is the ten thousands digit of 12213?
1
What is the thousands digit of 31385?
1
What is the hundreds digit of 13313?
3
What is the tens digit of 19685?
8
What is the ten thousands digit of 46401?
4
What is the hundreds d